s the remainder when 218 is divided by 36?
2
Calculate the remainder when 2251 is divided by 749.
4
Calculate the remainder when 271 is divided by 49.
26
Calculate the remainder when 1035 is divided by 74.
73
Calculate the remainder when 109 is divided by 15.
4
What is the remainder when 10868 is divided by 18?
14
Calculate the remainder when 441 is divided by 34.
33
Calculate the remainder when 163 is divided by 10.
3
Calculate the remainder when 993 is divided by 142.
141
What is the remainder when 1983 is divided by 12?
3
What is the remainder when 318 is divided by 106?
0
Calculate the remainder when 749 is divided by 733.
16
What is the remainder when 860 is divided by 207?
32
Calculate the remainder when 927 is divided by 241.
204
What is the remainder when 18 is divided by 5?
3
What is the remainder when 1145 is divided by 82?
79
Calculate the remainder when 297 is divided by 76.
69
Calculate the remainder when 857 is divided by 86.
83
What is the remainder when 31 is divided by 17?
14
Calculate the remainder when 1386 is divided by 273.
21
What is the remainder when 154 is divided by 43?
25
What is the remainder when 85 is divided by 30?
25
What is the remainder when 97 is divided by 26?
19
Calculate the remainder when 88 is divided by 77.
11
What is the remainder when 614 is divided by 44?
42
What is the remainder when 542 is divided by 178?
8
What is the remainder when 205 is divided by 26?
23
What is the remainder when 960 is divided by 69?
63
Calculate the remainder when 395 is divided by 33.
32
What is the remainder when 292 is divided by 95?
7
Calculate the remainder when 301 is divided by 16.
13
Calculate the remainder when 1239 is divided by 23.
20
What is the remainder when 188 is divided by 175?
13
Calculate the remainder when 592 is divided by 7.
4
What is the remainder when 35 is divided by 27?
8
Calculate the remainder when 205 is divided by 69.
67
Calculate the remainder when 463 is divided by 24.
7
Calculate the remainder when 964 is divided by 46.
44
What is the remainder when 530 is divided by 59?
58
What is the remainder when 20 is divided by 9?
2
Calculate the remainder when 152 is divided by 146.
6
Calculate the remainder when 2246 is divided by 45.
41
Calculate the remainder when 181 is divided by 20.
1
Calculate the remainder when 22077 is divided by 48.
45
What is the remainder when 2300 is divided by 80?
60
Calculate the remainder when 117 is divided by 24.
21
Calculate the remainder when 22 is divided by 9.
4
What is the remainder when 881 is divided by 70?
41
What is the remainder when 670 is divided by 101?
64
Calculate the remainder when 502 is divided by 8.
6
What is the remainder when 909 is divided by 102?
93
What is the remainder when 1649 is divided by 5?
4
What is the remainder when 328 is divided by 178?
150
Calculate the remainder when 1152 is divided by 15.
12
What is the remainder when 5871 is divided by 9?
3
Calculate the remainder when 1997 is divided by 101.
78
What is the remainder when 955 is divided by 231?
31
What is the remainder when 9036 is divided by 40?
36
What is the remainder when 8005 is divided by 157?
155
Calculate the remainder when 1438 is divided by 58.
46
What is the remainder when 698 is divided by 142?
130
Calculate the remainder when 69 is divided by 67.
2
Calculate the remainder when 272 is divided by 12.
8
Calculate the remainder when 222 is divided by 57.
51
Calculate the remainder when 6468 is divided by 270.
258
What is the remainder when 34 is divided by 13?
8
What is the remainder when 577 is divided by 175?
52
Calculate the remainder when 2 is divided by 1.
0
What is the remainder when 1409 is divided by 5?
4
Calculate the remainder when 38 is divided by 8.
6
Calculate the remainder when 1613 is divided by 536.
5
What is the remainder when 499 is divided by 28?
23
What is the remainder when 1108 is divided by 11?
8
What is the remainder when 986 is divided by 31?
25
Calculate the remainder when 86 is divided by 20.
6
Calculate the remainder when 50 is divided by 14.
8
What is the remainder when 488 is divided by 127?
107
What is the remainder when 153 is divided by 32?
25
What is the remainder when 17034 is divided by 355?
349
Calculate the remainder when 215 is divided by 83.
49
What is the remainder when 252 is divided by 8?
4
Calculate the remainder when 5938 is divided by 27.
25
What is the remainder when 7 is divided by 4?
3
What is the remainder when 33 is divided by 4?
1
Calculate the remainder when 55 is divided by 24.
7
What is the remainder when 89 is divided by 6?
5
Calculate the remainder when 458 is divided by 134.
56
Calculate the remainder when 583 is divided by 15.
13
What is the remainder when 112 is divided by 57?
55
Calculate the remainder when 172 is divided by 112.
60
What is the remainder when 204 is divided by 10?
4
What is the remainder when 45 is divided by 28?
17
What is the remainder when 368 is divided by 81?
44
What is the remainder when 2117 is divided by 13?
11
Calculate the remainder when 367 is divided by 125.
117
Calculate the remainder when 3351 is divided by 86.
83
What is the remainder when 754 is divided by 743?
11
What is the remainder when 51 is divided by 29?
22
Calculate the remainder when 334 is divided by 57.
49
What is the remainder when 1120 is divided by 51?
49
Calculate the remainder when 500 is divided by 6.
2
Calculate the remainder when 103 is divided by 30.
13
Calculate the remainder when 356 is divided by 58.
8
What is the remainder when 287 is divided by 73?
68
What is the remainder when 2242 is divided by 51?
49
What is the remainder when 959 is divided by 23?
16
Calculate the remainder when 1178 is divided by 194.
14
What is the remainder when 5532 is divided by 71?
65
What is the remainder when 2158 is divided by 713?
19
What is the remainder when 53 is divided by 17?
2
Calculate the remainder when 200 is divided by 73.
54
What is the remainder when 401 is divided by 31?
29
Calculate the remainder when 919 is divided by 48.
7
What is the remainder when 851 is divided by 122?
119
Calculate the remainder when 1616 is divided by 60.
56
What is the remainder when 176 is divided by 13?
7
Calculate the remainder when 31 is divided by 31.
0
What is the remainder when 90 is divided by 14?
6
Calculate the remainder when 37738 is divided by 68.
66
What is the remainder when 695 is divided by 69?
5
Calculate the remainder when 951 is divided by 237.
3
What is the remainder when 7774 is divided by 6?
4
Calculate the remainder when 1743 is divided by 109.
108
What is the remainder when 153 is divided by 41?
30
Calculate the remainder when 820 is divided by 42.
22
What is the remainder when 262 is divided by 22?
20
Calculate the remainder when 2180 is divided by 539.
24
Calculate the remainder when 10812 is divided by 103.
100
Calculate the remainder when 656 is divided by 215.
11
Calculate the remainder when 1093 is divided by 19.
10
Calculate the remainder when 191 is divided by 6.
5
What is the remainder when 83 is divided by 63?
20
Calculate the remainder when 3993 is divided by 74.
71
Calculate the remainder when 409 is divided by 396.
13
What is the remainder when 161 is divided by 49?
14
What is the remainder when 305 is divided by 14?
11
What is the remainder when 266 is divided by 10?
6
Calculate the remainder when 159 is divided by 55.
49
What is the remainder when 2637 is divided by 132?
129
What is the remainder when 154 is divided by 35?
14
What is the remainder when 32 is divided by 21?
11
Calculate the remainder when 8095 is divided by 46.
45
Calculate the remainder when 1229 is divided by 299.
33
Calculate the remainder when 60 is divided by 20.
0
What is the remainder when 259 is divided by 68?
55
Calculate the remainder when 1453 is divided by 14.
11
What is the remainder when 241 is divided by 12?
1
Calculate the remainder when 55 is divided by 8.
7
What is the remainder when 1517 is divided by 75?
17
Calculate the remainder when 284 is divided by 2.
0
Calculate the remainder when 130 is divided by 36.
22
What is the remainder when 512 is divided by 26?
18
Calculate the remainder when 8076 is divided by 18.
12
What is the remainder when 3450 is divided by 861?
6
Calculate the remainder when 375 is div